{"id":9095,"date":"2022-11-27T14:04:03","date_gmt":"2022-11-27T14:04:03","guid":{"rendered":"https:\/\/kozabarkitchen.uk\/?page_id=9095"},"modified":"2025-03-11T12:41:39","modified_gmt":"2025-03-11T12:41:39","slug":"coctails-wine-drinks-menu","status":"publish","type":"page","link":"https:\/\/kozabarkitchen.uk\/index.php\/coctails-wine-drinks-menu\/","title":{"rendered":"Cocta\u0131ls, W\u0131ne, Dr\u0131nks Menu"},"content":{"rendered":"\t\t<div data-elementor-type=\"wp-page\" data-elementor-id=\"9095\" class=\"elementor elementor-9095\">\n\t\t\t\t\t\t<section class=\"elementor-section elementor-top-section elementor-element elementor-element-6dd97d8 elementor-section-full_width elementor-section-height-default elementor-section-height-default qodef-elementor-content-no\" data-id=\"6dd97d8\" data-element_type=\"section\">\n\t\t\t\t\t\t<div class=\"elementor-container elementor-column-gap-default\">\n\t\t\t\t\t<div class=\"elementor-column elementor-col-100 elementor-top-column elementor-element elementor-element-4f1ef02\" data-id=\"4f1ef02\" data-element_type=\"column\">\n\t\t\t<div class=\"elementor-widget-wrap\">\n\t\t\t\t\t\t\t<\/div>\n\t\t<\/div>\n\t\t\t\t\t<\/div>\n\t\t<\/section>\n\t\t\t\t<section class=\"elementor-section elementor-top-section elementor-element elementor-element-9a0bd34 elementor-section-boxed elementor-section-height-default elementor-section-height-default qodef-elementor-content-no\" data-id=\"9a0bd34\" data-element_type=\"section\" data-settings=\"{&quot;background_background&quot;:&quot;classic&quot;}\">\n\t\t\t\t\t\t<div class=\"elementor-container elementor-column-gap-default\">\n\t\t\t\t\t<div class=\"elementor-column elementor-col-100 elementor-top-column elementor-element elementor-element-4861be2\" data-id=\"4861be2\" data-element_type=\"column\">\n\t\t\t<div class=\"elementor-widget-wrap elementor-element-populated\">\n\t\t\t\t\t\t<div class=\"elementor-element elementor-element-c038f3b elementor-widget elementor-widget-qi_addons_for_elementor_image_gallery\" data-id=\"c038f3b\" data-element_type=\"widget\" data-widget_type=\"qi_addons_for_elementor_image_gallery.default\">\n\t\t\t\t<div class=\"elementor-widget-container\">\n\t\t\t\t\t<div class=\"qodef-shortcode qodef-m qodef-qi-image-gallery qodef-qi-fslightbox-popup qodef-popup-gallery qodef-image--hover-zoom qodef-qi-grid qodef-layout--qi-columns qodef-col-num--1 qodef-responsive--predefined\">\n\t<div class=\"qodef-grid-inner\">\n\t\t<div class=\"qodef-e qodef-image-wrapper qodef-grid-item\">\n\t<div class=\"qodef-e-inner\">\n\t\t\t\t\t<a class=\"qodef-popup-item\" itemprop=\"image\" href=\"https:\/\/kozabarkitchen.uk\/wp-content\/uploads\/2025\/03\/Wine1.jpg\" data-type=\"image\" data-fslightbox=\"gallery-546\">\n\t\t\t\t\t<img fetchpriority=\"high\" decoding=\"async\" width=\"2391\" height=\"2560\" src=\"https:\/\/kozabarkitchen.uk\/wp-content\/uploads\/2025\/03\/Wine1.jpg\" class=\"attachment-full size-full\" alt=\"\" srcset=\"https:\/\/kozabarkitchen.uk\/wp-content\/uploads\/2025\/03\/Wine1.jpg 2391w, https:\/\/kozabarkitchen.uk\/wp-content\/uploads\/2025\/03\/Wine1-280x300.jpg 280w, https:\/\/kozabarkitchen.uk\/wp-content\/uploads\/2025\/03\/Wine1-956x1024.jpg 956w, https:\/\/kozabarkitchen.uk\/wp-content\/uploads\/2025\/03\/Wine1-768x822.jpg 768w, https:\/\/kozabarkitchen.uk\/wp-content\/uploads\/2025\/03\/Wine1-1435x1536.jpg 1435w, https:\/\/kozabarkitchen.uk\/wp-content\/uploads\/2025\/03\/Wine1-1913x2048.jpg 1913w\" sizes=\"(max-width: 2391px) 100vw, 2391px\" \/>\t\t\t\t\t<\/a>\n\t\t\t<\/div>\n<\/div>\n<div class=\"qodef-e qodef-image-wrapper qodef-grid-item\">\n\t<div class=\"qodef-e-inner\">\n\t\t\t\t\t<a class=\"qodef-popup-item\" itemprop=\"image\" href=\"https:\/\/kozabarkitchen.uk\/wp-content\/uploads\/2025\/03\/Wine2.jpg\" data-type=\"image\" data-fslightbox=\"gallery-546\">\n\t\t\t\t\t<img decoding=\"async\" width=\"2391\" height=\"2560\" data-src=\"https:\/\/kozabarkitchen.uk\/wp-content\/uploads\/2025\/03\/Wine2.jpg\" class=\"attachment-full size-full lazyload\" alt=\"\" data-srcset=\"https:\/\/kozabarkitchen.uk\/wp-content\/uploads\/2025\/03\/Wine2.jpg 2391w, https:\/\/kozabarkitchen.uk\/wp-content\/uploads\/2025\/03\/Wine2-280x300.jpg 280w, https:\/\/kozabarkitchen.uk\/wp-content\/uploads\/2025\/03\/Wine2-956x1024.jpg 956w, https:\/\/kozabarkitchen.uk\/wp-content\/uploads\/2025\/03\/Wine2-768x822.jpg 768w, https:\/\/kozabarkitchen.uk\/wp-content\/uploads\/2025\/03\/Wine2-1435x1536.jpg 1435w, https:\/\/kozabarkitchen.uk\/wp-content\/uploads\/2025\/03\/Wine2-1913x2048.jpg 1913w\" data-sizes=\"(max-width: 2391px) 100vw, 2391px\" src=\"data:image\/svg+xml;base64,PHN2ZyB3aWR0aD0iMSIgaGVpZ2h0PSIxIiB4bWxucz0iaHR0cDovL3d3dy53My5vcmcvMjAwMC9zdmciPjwvc3ZnPg==\" style=\"--smush-placeholder-width: 2391px; --smush-placeholder-aspect-ratio: 2391\/2560;\" \/>\t\t\t\t\t<\/a>\n\t\t\t<\/div>\n<\/div>\n<div class=\"qodef-e qodef-image-wrapper qodef-grid-item\">\n\t<div class=\"qodef-e-inner\">\n\t\t\t\t\t<a class=\"qodef-popup-item\" itemprop=\"image\" href=\"https:\/\/kozabarkitchen.uk\/wp-content\/uploads\/2025\/02\/28x30-cm.-DRINK-MENU-PRINT_page-0001.jpg\" data-type=\"image\" data-fslightbox=\"gallery-546\">\n\t\t\t\t\t<img decoding=\"async\" width=\"838\" height=\"892\" data-src=\"https:\/\/kozabarkitchen.uk\/wp-content\/uploads\/2025\/02\/28x30-cm.-DRINK-MENU-PRINT_page-0001.jpg\" class=\"attachment-full size-full lazyload\" alt=\"\" data-srcset=\"https:\/\/kozabarkitchen.uk\/wp-content\/uploads\/2025\/02\/28x30-cm.-DRINK-MENU-PRINT_page-0001.jpg 838w, https:\/\/kozabarkitchen.uk\/wp-content\/uploads\/2025\/02\/28x30-cm.-DRINK-MENU-PRINT_page-0001-282x300.jpg 282w, https:\/\/kozabarkitchen.uk\/wp-content\/uploads\/2025\/02\/28x30-cm.-DRINK-MENU-PRINT_page-0001-768x817.jpg 768w\" data-sizes=\"(max-width: 838px) 100vw, 838px\" src=\"data:image\/svg+xml;base64,PHN2ZyB3aWR0aD0iMSIgaGVpZ2h0PSIxIiB4bWxucz0iaHR0cDovL3d3dy53My5vcmcvMjAwMC9zdmciPjwvc3ZnPg==\" style=\"--smush-placeholder-width: 838px; --smush-placeholder-aspect-ratio: 838\/892;\" \/>\t\t\t\t\t<\/a>\n\t\t\t<\/div>\n<\/div>\n<div class=\"qodef-e qodef-image-wrapper qodef-grid-item\">\n\t<div class=\"qodef-e-inner\">\n\t\t\t\t\t<a class=\"qodef-popup-item\" itemprop=\"image\" href=\"https:\/\/kozabarkitchen.uk\/wp-content\/uploads\/2025\/02\/28x30-cm.-DRINK-MENU-PRINT_page-0002.jpg\" data-type=\"image\" data-fslightbox=\"gallery-546\">\n\t\t\t\t\t<img decoding=\"async\" width=\"828\" height=\"885\" data-src=\"https:\/\/kozabarkitchen.uk\/wp-content\/uploads\/2025\/02\/28x30-cm.-DRINK-MENU-PRINT_page-0002.jpg\" class=\"attachment-full size-full lazyload\" alt=\"\" data-srcset=\"https:\/\/kozabarkitchen.uk\/wp-content\/uploads\/2025\/02\/28x30-cm.-DRINK-MENU-PRINT_page-0002.jpg 828w, https:\/\/kozabarkitchen.uk\/wp-content\/uploads\/2025\/02\/28x30-cm.-DRINK-MENU-PRINT_page-0002-281x300.jpg 281w, https:\/\/kozabarkitchen.uk\/wp-content\/uploads\/2025\/02\/28x30-cm.-DRINK-MENU-PRINT_page-0002-768x821.jpg 768w\" data-sizes=\"(max-width: 828px) 100vw, 828px\" src=\"data:image\/svg+xml;base64,PHN2ZyB3aWR0aD0iMSIgaGVpZ2h0PSIxIiB4bWxucz0iaHR0cDovL3d3dy53My5vcmcvMjAwMC9zdmciPjwvc3ZnPg==\" style=\"--smush-placeholder-width: 828px; --smush-placeholder-aspect-ratio: 828\/885;\" \/>\t\t\t\t\t<\/a>\n\t\t\t<\/div>\n<\/div>\n<div class=\"qodef-e qodef-image-wrapper qodef-grid-item\">\n\t<div class=\"qodef-e-inner\">\n\t\t\t\t\t<a class=\"qodef-popup-item\" itemprop=\"image\" href=\"https:\/\/kozabarkitchen.uk\/wp-content\/uploads\/2025\/02\/21-x-21-cm-DESSERT-MENU-PRINT-images-1.jpg\" data-type=\"image\" data-fslightbox=\"gallery-546\">\n\t\t\t\t\t<img decoding=\"async\" width=\"1267\" height=\"1279\" data-src=\"https:\/\/kozabarkitchen.uk\/wp-content\/uploads\/2025\/02\/21-x-21-cm-DESSERT-MENU-PRINT-images-1.jpg\" class=\"attachment-full size-full lazyload\" alt=\"\" data-srcset=\"https:\/\/kozabarkitchen.uk\/wp-content\/uploads\/2025\/02\/21-x-21-cm-DESSERT-MENU-PRINT-images-1.jpg 1267w, https:\/\/kozabarkitchen.uk\/wp-content\/uploads\/2025\/02\/21-x-21-cm-DESSERT-MENU-PRINT-images-1-297x300.jpg 297w, https:\/\/kozabarkitchen.uk\/wp-content\/uploads\/2025\/02\/21-x-21-cm-DESSERT-MENU-PRINT-images-1-1014x1024.jpg 1014w, https:\/\/kozabarkitchen.uk\/wp-content\/uploads\/2025\/02\/21-x-21-cm-DESSERT-MENU-PRINT-images-1-150x150.jpg 150w, https:\/\/kozabarkitchen.uk\/wp-content\/uploads\/2025\/02\/21-x-21-cm-DESSERT-MENU-PRINT-images-1-768x775.jpg 768w\" data-sizes=\"(max-width: 1267px) 100vw, 1267px\" src=\"data:image\/svg+xml;base64,PHN2ZyB3aWR0aD0iMSIgaGVpZ2h0PSIxIiB4bWxucz0iaHR0cDovL3d3dy53My5vcmcvMjAwMC9zdmciPjwvc3ZnPg==\" style=\"--smush-placeholder-width: 1267px; --smush-placeholder-aspect-ratio: 1267\/1279;\" \/>\t\t\t\t\t<\/a>\n\t\t\t<\/div>\n<\/div>\n<div class=\"qodef-e qodef-image-wrapper qodef-grid-item\">\n\t<div class=\"qodef-e-inner\">\n\t\t\t\t\t<a class=\"qodef-popup-item\" itemprop=\"image\" href=\"https:\/\/kozabarkitchen.uk\/wp-content\/uploads\/2025\/02\/21-x-21-cm-DESSERT-MENU-PRINT-images-0.jpg\" data-type=\"image\" data-fslightbox=\"gallery-546\">\n\t\t\t\t\t<img decoding=\"async\" width=\"1273\" height=\"1272\" data-src=\"https:\/\/kozabarkitchen.uk\/wp-content\/uploads\/2025\/02\/21-x-21-cm-DESSERT-MENU-PRINT-images-0.jpg\" class=\"attachment-full size-full lazyload\" alt=\"\" data-srcset=\"https:\/\/kozabarkitchen.uk\/wp-content\/uploads\/2025\/02\/21-x-21-cm-DESSERT-MENU-PRINT-images-0.jpg 1273w, https:\/\/kozabarkitchen.uk\/wp-content\/uploads\/2025\/02\/21-x-21-cm-DESSERT-MENU-PRINT-images-0-300x300.jpg 300w, https:\/\/kozabarkitchen.uk\/wp-content\/uploads\/2025\/02\/21-x-21-cm-DESSERT-MENU-PRINT-images-0-1024x1024.jpg 1024w, https:\/\/kozabarkitchen.uk\/wp-content\/uploads\/2025\/02\/21-x-21-cm-DESSERT-MENU-PRINT-images-0-150x150.jpg 150w, https:\/\/kozabarkitchen.uk\/wp-content\/uploads\/2025\/02\/21-x-21-cm-DESSERT-MENU-PRINT-images-0-768x767.jpg 768w, https:\/\/kozabarkitchen.uk\/wp-content\/uploads\/2025\/02\/21-x-21-cm-DESSERT-MENU-PRINT-images-0-650x650.jpg 650w\" data-sizes=\"(max-width: 1273px) 100vw, 1273px\" src=\"data:image\/svg+xml;base64,PHN2ZyB3aWR0aD0iMSIgaGVpZ2h0PSIxIiB4bWxucz0iaHR0cDovL3d3dy53My5vcmcvMjAwMC9zdmciPjwvc3ZnPg==\" style=\"--smush-placeholder-width: 1273px; --smush-placeholder-aspect-ratio: 1273\/1272;\" \/>\t\t\t\t\t<\/a>\n\t\t\t<\/div>\n<\/div>\n\t<\/div>\n<\/div>\n\t\t\t\t<\/div>\n\t\t\t\t<\/div>\n\t\t\t\t<div class=\"elementor-element elementor-element-d0e9f3e elementor-widget elementor-widget-slider_revolution\" data-id=\"d0e9f3e\" data-element_type=\"widget\" data-widget_type=\"slider_revolution.default\">\n\t\t\t\t<div class=\"elementor-widget-container\">\n\t\t\t\t\t\r\n\t\t<div class=\"wp-block-themepunch-revslider\">\n\t\t\t<!-- START Chargrills &amp; Koza Creations REVOLUTION SLIDER 6.5.31 --><p class=\"rs-p-wp-fix\"><\/p>\n\t\t\t<rs-module-wrap id=\"rev_slider_10_1_wrapper\" data-source=\"gallery\" style=\"visibility:hidden;background:transparent;padding:0;\">\n\t\t\t\t<rs-module id=\"rev_slider_10_1\" style=\"\" data-version=\"6.5.31\">\n\t\t\t\t\t<rs-slides>\n\t\t\t\t\t\t<rs-slide style=\"position: absolute;\" data-key=\"rs-26\" data-title=\"Slide\" data-anim=\"adpr:false;ms:1500ms;\" data-in=\"o:0;\" data-out=\"a:false;\" data-mediafilter=\"hudson\">\n\t\t\t\t\t\t\t<img loading=\"lazy\" decoding=\"async\" src=\"\/\/kozabarkitchen.uk\/wp-content\/plugins\/revslider\/public\/assets\/assets\/dummy.png\" alt=\"\" title=\"_DSC0452 copy-min\" width=\"2560\" height=\"2048\" class=\"rev-slidebg tp-rs-img rs-lazyload\" data-lazyload=\"\/\/kozabarkitchen.uk\/wp-content\/uploads\/2022\/11\/DSC0452-copy-min-scaled.jpg\" data-panzoom=\"d:10000;ss:100;se:108%;\" data-no-retina>\n<!--\n\t\t\t\t\t\t\t--><rs-layer\n\t\t\t\t\t\t\t\tid=\"slider-10-slide-26-layer-0\" \n\t\t\t\t\t\t\t\tdata-type=\"image\"\n\t\t\t\t\t\t\t\tdata-xy=\"x:c;xo:25px,0,0,0;y:m;yo:-19px,-123px,-123px,0;\"\n\t\t\t\t\t\t\t\tdata-text=\"w:normal;s:20,16,12,7;l:0,20,15,9;\"\n\t\t\t\t\t\t\t\tdata-dim=\"w:1168px,354px,530px,335px;h:88px,203px,110px,40px;\"\n\t\t\t\t\t\t\t\tdata-basealign=\"slide\"\n\t\t\t\t\t\t\t\tdata-rsp_o=\"off\"\n\t\t\t\t\t\t\t\tdata-rsp_bd=\"off\"\n\t\t\t\t\t\t\t\tdata-frame_0=\"y:bottom;\"\n\t\t\t\t\t\t\t\tdata-frame_1=\"st:400;sp:1000;\"\n\t\t\t\t\t\t\t\tdata-frame_999=\"o:0;st:w;\"\n\t\t\t\t\t\t\t\tstyle=\"z-index:8;background-color:rgba(0,0,0,0.25);\"\n\t\t\t\t\t\t\t><img loading=\"lazy\" decoding=\"async\" src=\"\/\/kozabarkitchen.uk\/wp-content\/plugins\/revslider\/public\/assets\/assets\/dummy.png\" alt=\"\" class=\"tp-rs-img rs-lazyload\" width=\"1168\" height=\"88\" data-lazyload=\"\/\/kozabarkitchen.uk\/wp-content\/uploads\/2024\/08\/text-1724067356715.png\" data-no-retina> \n\t\t\t\t\t\t\t<\/rs-layer><!--\n-->\t\t\t\t\t\t<\/rs-slide>\n\t\t\t\t\t<\/rs-slides>\n\t\t\t\t\t<rs-static-layers><!--\n\n\t\t\t\t\t\t\t--><rs-layer\n\t\t\t\t\t\t\t\tid=\"slider-10-slide-10-layer-7\" \n\t\t\t\t\t\t\t\tclass=\"rs-layer-static\"\n\t\t\t\t\t\t\t\tdata-type=\"image\"\n\t\t\t\t\t\t\t\tdata-xy=\"x:c;y:b;yo:60px,20px,60px,30px;\"\n\t\t\t\t\t\t\t\tdata-text=\"w:normal;\"\n\t\t\t\t\t\t\t\tdata-dim=\"w:['50px','50px','50px','50px'];h:['50px','50px','50px','50px'];\"\n\t\t\t\t\t\t\t\tdata-actions='o:click;a:scrollbelow;sp:1000ms;e:power1.inOut;'\n\t\t\t\t\t\t\t\tdata-basealign=\"slide\"\n\t\t\t\t\t\t\t\tdata-rsp_o=\"off\"\n\t\t\t\t\t\t\t\tdata-rsp_bd=\"off\"\n\t\t\t\t\t\t\t\tdata-onslides=\"s:1;\"\n\t\t\t\t\t\t\t\tdata-frame_999=\"o:0;st:w;\"\n\t\t\t\t\t\t\t\tdata-loop_0=\"y:-10;\"\n\t\t\t\t\t\t\t\tdata-loop_999=\"y:10;sp:6000;e:sine.inOut;yym:t;\"\n\t\t\t\t\t\t\t\tstyle=\"z-index:5;\"\n\t\t\t\t\t\t\t><img loading=\"lazy\" decoding=\"async\" src=\"\/\/kozabarkitchen.uk\/wp-content\/plugins\/revslider\/public\/assets\/assets\/dummy.png\" alt=\"\" class=\"tp-rs-img rs-lazyload\" width=\"512\" height=\"512\" data-lazyload=\"\/\/kozabarkitchen.uk\/wp-content\/uploads\/2022\/11\/Landing-rev-scroll-button-1-1.png\" data-no-retina> \n\t\t\t\t\t\t\t<\/rs-layer><!--\n\t\t\t\t\t--><\/rs-static-layers>\n\t\t\t\t<\/rs-module>\n\t\t\t\t<script>\n\t\t\t\t\tsetREVStartSize({c: 'rev_slider_10_1',rl:[1240,1024,778,480],el:[900,768,300,720],gw:[1240,1024,778,480],gh:[900,768,300,720],type:'standard',justify:'',layout:'fullscreen',offsetContainer:'',offset:'',mh:\"0\"});if (window.RS_MODULES!==undefined && window.RS_MODULES.modules!==undefined && window.RS_MODULES.modules[\"revslider101\"]!==undefined) {window.RS_MODULES.modules[\"revslider101\"].once = false;window.revapi10 = undefined;if (window.RS_MODULES.checkMinimal!==undefined) window.RS_MODULES.checkMinimal()}\n\t\t\t\t<\/script>\n\t\t\t<\/rs-module-wrap>\n\t\t\t<!-- END REVOLUTION SLIDER -->\n<\/div>\r\n\r\n\t\t\t\t\t\t<\/div>\n\t\t\t\t<\/div>\n\t\t\t\t\t<\/div>\n\t\t<\/div>\n\t\t\t\t\t<\/div>\n\t\t<\/section>\n\t\t\t\t<section class=\"elementor-section elementor-top-section elementor-element elementor-element-01bc593 qodef-elementor-content-grid elementor-section-boxed elementor-section-height-default elementor-section-height-default\" data-id=\"01bc593\" data-element_type=\"section\">\n\t\t\t\t\t\t<div class=\"elementor-container elementor-column-gap-default\">\n\t\t\t\t\t<div class=\"elementor-column elementor-col-50 elementor-top-column elementor-element elementor-element-2afe5c4\" data-id=\"2afe5c4\" data-element_type=\"column\">\n\t\t\t<div class=\"elementor-widget-wrap elementor-element-populated\">\n\t\t\t\t\t\t<div class=\"elementor-element elementor-element-54187cf elementor-widget elementor-widget-image\" data-id=\"54187cf\" data-element_type=\"widget\" data-widget_type=\"image.default\">\n\t\t\t\t<div class=\"elementor-widget-container\">\n\t\t\t\t\t\t\t\t\t\t\t\t\t\t\t<img decoding=\"async\" width=\"768\" height=\"512\" data-src=\"https:\/\/kozabarkitchen.uk\/wp-content\/uploads\/2022\/11\/AdobeStock_224118653-min-768x512.jpeg\" class=\"attachment-medium_large size-medium_large wp-image-9424 lazyload\" alt=\"\" data-srcset=\"https:\/\/kozabarkitchen.uk\/wp-content\/uploads\/2022\/11\/AdobeStock_224118653-min-768x512.jpeg 768w, https:\/\/kozabarkitchen.uk\/wp-content\/uploads\/2022\/11\/AdobeStock_224118653-min-300x200.jpeg 300w, https:\/\/kozabarkitchen.uk\/wp-content\/uploads\/2022\/11\/AdobeStock_224118653-min-1024x683.jpeg 1024w, https:\/\/kozabarkitchen.uk\/wp-content\/uploads\/2022\/11\/AdobeStock_224118653-min-1536x1024.jpeg 1536w, https:\/\/kozabarkitchen.uk\/wp-content\/uploads\/2022\/11\/AdobeStock_224118653-min-2048x1365.jpeg 2048w\" data-sizes=\"(max-width: 768px) 100vw, 768px\" src=\"data:image\/svg+xml;base64,PHN2ZyB3aWR0aD0iMSIgaGVpZ2h0PSIxIiB4bWxucz0iaHR0cDovL3d3dy53My5vcmcvMjAwMC9zdmciPjwvc3ZnPg==\" style=\"--smush-placeholder-width: 768px; --smush-placeholder-aspect-ratio: 768\/512;\" \/>\t\t\t\t\t\t\t\t\t\t\t\t\t\t\t<\/div>\n\t\t\t\t<\/div>\n\t\t\t\t<div class=\"elementor-element elementor-element-96747fd elementor-widget elementor-widget-blanquette_core_button\" data-id=\"96747fd\" data-element_type=\"widget\" data-widget_type=\"blanquette_core_button.default\">\n\t\t\t\t<div class=\"elementor-widget-container\">\n\t\t\t\t\t<a class=\"qodef-shortcode qodef-m  qodef-button qodef-layout--filled-two qodef-size--full qodef-html--link\" href=\"https:\/\/kozabarkitchen.uk\/index.php\/booking\/\" target=\"_self\"  >\n\t<span class=\"qodef-m-text\">Reservat\u0131on<\/span>\n<\/a>\n\t\t\t\t<\/div>\n\t\t\t\t<\/div>\n\t\t\t\t\t<\/div>\n\t\t<\/div>\n\t\t\t\t<div class=\"elementor-column elementor-col-50 elementor-top-column elementor-element elementor-element-b7912ee\" data-id=\"b7912ee\" data-element_type=\"column\">\n\t\t\t<div class=\"elementor-widget-wrap elementor-element-populated\">\n\t\t\t\t\t\t<div class=\"elementor-element elementor-element-e61b718 elementor-widget elementor-widget-image\" data-id=\"e61b718\" data-element_type=\"widget\" data-widget_type=\"image.default\">\n\t\t\t\t<div class=\"elementor-widget-container\">\n\t\t\t\t\t\t\t\t\t\t\t\t\t\t\t<img decoding=\"async\" width=\"1024\" height=\"176\" data-src=\"https:\/\/kozabarkitchen.uk\/wp-content\/uploads\/2022\/11\/Ekran-Resmi-2022-11-22-17.22.38-1024x176.png\" class=\"attachment-large size-large wp-image-8893 lazyload\" alt=\"\" data-srcset=\"https:\/\/kozabarkitchen.uk\/wp-content\/uploads\/2022\/11\/Ekran-Resmi-2022-11-22-17.22.38-1024x176.png 1024w, https:\/\/kozabarkitchen.uk\/wp-content\/uploads\/2022\/11\/Ekran-Resmi-2022-11-22-17.22.38-300x52.png 300w, https:\/\/kozabarkitchen.uk\/wp-content\/uploads\/2022\/11\/Ekran-Resmi-2022-11-22-17.22.38-768x132.png 768w, https:\/\/kozabarkitchen.uk\/wp-content\/uploads\/2022\/11\/Ekran-Resmi-2022-11-22-17.22.38.png 1338w\" data-sizes=\"(max-width: 1024px) 100vw, 1024px\" src=\"data:image\/svg+xml;base64,PHN2ZyB3aWR0aD0iMSIgaGVpZ2h0PSIxIiB4bWxucz0iaHR0cDovL3d3dy53My5vcmcvMjAwMC9zdmciPjwvc3ZnPg==\" style=\"--smush-placeholder-width: 1024px; --smush-placeholder-aspect-ratio: 1024\/176;\" \/>\t\t\t\t\t\t\t\t\t\t\t\t\t\t\t<\/div>\n\t\t\t\t<\/div>\n\t\t\t\t<div class=\"elementor-element elementor-element-cc85433 elementor-widget elementor-widget-google_maps\" data-id=\"cc85433\" data-element_type=\"widget\" data-widget_type=\"google_maps.default\">\n\t\t\t\t<div class=\"elementor-widget-container\">\n\t\t\t\t\t\t\t<div class=\"elementor-custom-embed\">\n\t\t\t<iframe\n\t\t\t\t\tdata-src=\"https:\/\/maps.google.com\/maps?q=30%20South%20St%2C%20Epsom%20KT18%207PF%20Epsom&#038;t=m&#038;z=10&#038;output=embed&#038;iwloc=near\"\n\t\t\t\t\ttitle=\"30 South St, Epsom KT18 7PF Epsom\"\n\t\t\t\t\taria-label=\"30 South St, Epsom KT18 7PF Epsom\"\n\t\t\t src=\"data:image\/svg+xml;base64,PHN2ZyB3aWR0aD0iMSIgaGVpZ2h0PSIxIiB4bWxucz0iaHR0cDovL3d3dy53My5vcmcvMjAwMC9zdmciPjwvc3ZnPg==\" class=\"lazyload\" data-load-mode=\"1\"><\/iframe>\n\t\t<\/div>\n\t\t\t\t\t\t<\/div>\n\t\t\t\t<\/div>\n\t\t\t\t\t<\/div>\n\t\t<\/div>\n\t\t\t\t\t<\/div>\n\t\t<\/section>\n\t\t\t\t<\/div>\n\t\t","protected":false},"excerpt":{"rendered":"<p>Reservat\u0131on<\/p>\n","protected":false},"author":1,"featured_media":0,"parent":0,"menu_order":0,"comment_status":"closed","ping_status":"closed","template":"page-full-width.php","meta":{"footnotes":""},"class_list":["post-9095","page","type-page","status-publish","hentry"],"_links":{"self":[{"href":"https:\/\/kozabarkitchen.uk\/index.php\/wp-json\/wp\/v2\/pages\/9095","targetHints":{"allow":["GET"]}}],"collection":[{"href":"https:\/\/kozabarkitchen.uk\/index.php\/wp-json\/wp\/v2\/pages"}],"about":[{"href":"https:\/\/kozabarkitchen.uk\/index.php\/wp-json\/wp\/v2\/types\/page"}],"author":[{"embeddable":true,"href":"https:\/\/kozabarkitchen.uk\/index.php\/wp-json\/wp\/v2\/users\/1"}],"replies":[{"embeddable":true,"href":"https:\/\/kozabarkitchen.uk\/index.php\/wp-json\/wp\/v2\/comments?post=9095"}],"version-history":[{"count":47,"href":"https:\/\/kozabarkitchen.uk\/index.php\/wp-json\/wp\/v2\/pages\/9095\/revisions"}],"predecessor-version":[{"id":10332,"href":"https:\/\/kozabarkitchen.uk\/index.php\/wp-json\/wp\/v2\/pages\/9095\/revisions\/10332"}],"wp:attachment":[{"href":"https:\/\/kozabarkitchen.uk\/index.php\/wp-json\/wp\/v2\/media?parent=9095"}],"curies":[{"name":"wp","href":"https:\/\/api.w.org\/{rel}","templated":true}]}}